s the ten thousands digit of 3005571538?
7
What is the ten millions digit of 11064754?
1
What is the ten thousands digit of 764652076?
5
What is the ten thousands digit of 957256?
5
What is the ten thousands digit of 4763384457?
8
What is the thousands digit of 41179383?
9
What is the ten millions digit of 436774513?
3
What is the hundreds digit of 44844037?
0
What is the units digit of 22756116?
6
What is the hundred millions digit of 1049326762?
0
What is the hundreds digit of 3222964329?
3
What is the tens digit of 158744793?
9
What is the hundred millions digit of 236635919?
2
What is the tens digit of 3862879569?
6
What is the tens digit of 1569360942?
4
What is the ten millions digit of 24848744?
2
What is the millions digit of 67554311?
7
What is the hundreds digit of 290099679?
6
What is the tens digit of 140596171?
7
What is the tens digit of 22548763?
6
What is the hundreds digit of 292818904?
9
What is the ten thousands digit of 4158079553?
7
What is the millions digit of 785044452?
5
What is the tens digit of 73335669?
6
What is the hundred thousands digit of 11176856?
1
What is the ten thousands digit of 288131354?
3
What is the tens digit of 553229523?
2
What is the units digit of 5675656?
6
What is the units digit of 61679950?
0
What is the hundred thousands digit of 61790857?
7
What is the thousands digit of 791048111?
8
What is the ten thousands digit of 91521089?
2
What is the units digit of 82742529?
9
What is the hundred thousands digit of 1541520186?
5
What is the tens digit of 10684442?
4
What is the ten thousands digit of 9872907?
7
What is the hundreds digit of 4410383345?
3
What is the units digit of 28361590?
0
What is the millions digit of 52899206?
2
What is the millions digit of 367897327?
7
What is the hundred thousands digit of 88747632?
7
What is the hundred thousands digit of 37740241?
7
What is the units digit of 436357325?
5
What is the millions digit of 40868509?
0
What is the ten millions digit of 277743230?
7
What is the tens digit of 1136780781?
8
What is the thousands digit of 41192563?
2
What is the ten millions digit of 228099775?
2
What is the ten thousands digit of 72870378?
7
What is the hundred millions digit of 285972258?
2
What is the hundred thousands digit of 7366968?
3
What is the thousands digit of 93026341?
6
What is the hundred thousands digit of 742057074?
0
What is the ten thousands digit of 2959649041?
4
What is the thousands digit of 42052524?
2
What is the hundred millions digit of 4057066758?
0
What is the ten millions digit of 145124223?
4
What is the thousands digit of 523408970?
8
What is the thousands digit of 471972951?
2
What is the thousands digit of 382888461?
8
What is the hundred thousands digit of 441408480?
4
What is the hundred thousands digit of 2070785242?
7
What is the hundred thousands digit of 750711811?
7
What is the millions digit of 2411773?
2
What is the ten thousands digit of 368832350?
3
What is the thousands digit of 149686693?
6
What is the millions digit of 179001826?
9
What is the ten millions digit of 603590702?
0
What is the ten thousands digit of 78399940?
9
What is the billions digit of 1296471820?
1
What is the tens digit of 3887298724?
2
What is the tens digit of 57029709?
0
What is the units digit of 398408720?
0
What is the units digit of 1191128326?
6
What is the units digit of 413513289?
9
What is the hundred thousands digit of 103909895?
9
What is the units digit of 345954626?
6
What is the millions digit of 69357916?
9
What is the hundred thousands digit of 36515229?
5
What is the hundred thousands digit of 699392314?
3
What is the tens digit of 2493215483?
8
What is the units digit of 7733424?
4
What is the millions digit of 36967107?
6
What is the millions digit of 333792853?
3
What is the hundred millions digit of 1270068487?
2
What is the ten thousands digit of 47557149?
5
What is the thousands digit of 137766871?
6
What is the hundreds digit of 200570439?
4
What is the units digit of 102674769?
9
What is the hundreds digit of 30795004?
0
What is the millions digit of 3961593103?
1
What is the millions digit of 259384963?
9
What is the thousands digit of 571753922?
3
What is the hundreds digit of 1112608517?
5
What is the thousands digit of 88681594?
1
What is the tens digit of 869385649?
4
What is the hundred millions digit of 280281684?
2
What is the tens digit of 133455732?
3
What is the hundreds digit of 14133148?
1
What is the hundreds digit of 267245036?
0
What is the tens digit of 505128286?
8
What is the units digit of 968281999?
9
What is the hundred millions digit of 1005250334?
0
What is the hundreds digit of 1490644?
6
What is the units digit of 38601007?
7
What is the hundred millions digit of 556108941?
5
What is the thousands digit of 18475545?
5
What is the units digit of 168849184?
4
What is the thousands digit of 73241315?
1
What is the ten thousands digit of 180813073?
1
What is the units digit of 597631588?
8
What is the ten thousands digit of 55739468?
3
What is the hundred thousands digit of 133233261?
2
What is the ten millions digit of 2401830383?
0
What is the millions digit of 4906370077?
6
What is the ten millions digit of 2794808171?
9
What is the ten millions digit of 105700754?
0
What is the hundreds digit of 26028895?
8
What is the ten thousands digit of 761282020?
8
What is the units digit of 1345772780?
0
What is the ten thousands digit of 82737300?
3
What is the hundred thousands digit of 125813427?
8
What is the thousands digit of 21077661?
7
What is the ten millions digit of 94403288?
9
What is the hundreds digit of 816306006?
0
What is the units digit of 88024165?
5
What is the hundreds digit of 5329959?
9
What is the units digit of 1507062106?
6
What is the thousands digit of 94551631?
1
What is the ten thousands digit of 627043370?
4
What is the hundreds digit of 3955811728?
7
What is the tens digit of 455887674?
7
What is the hundreds digit of 1081881928?
9
What is the billions digit of 1225370813?
1
What is the millions digit of 56584520?
6
What is the units digit of 197080957?
7
What is the units digit of 180663365?
5
What is the hundred millions digit of 4819119939?
8
What is the hundred millions digit of 4861559986?
8
What is the units digit of 225502396?
6
What is the ten millions digit of 206174781?
0
What is the hundred thousands digit of 103745279?
7
What is the units digit of 753976855?
5
What is the millions digit of 5191896?
5
What is the units digit of 3062987579?
9
What is the hundreds digit of 827622300?
3
What is the ten thousands digit of 4520871098?
7
What is the ten millions digit of 2943914945?
4
What is the hundreds digit of 104796227?
2
What is the tens digit of 224793852?
5
What is the hundred thousands digit of 51627715?
6
What is the hundreds digit of 6386309703?
7
What is the units digit of 999044336?
6
What is the billions digit of 1080716043?
1
What is the thousands digit of 296131244?
1
What is the ten thousands digit of 62756434?
5
What is the hundreds digit of 780507380?
3
What is the thousands digit of 4132951601?
1
What is the ten millions digit of 202057616?
0
What is the billions digit of 1034747387?
1
What is the units digit of 118418363?
3
What is the tens digit of 528405950?
5
What is the millions digit of 89885072?
9
What is the hundreds digit of 32846813?
8
What is the millions digit of 47903848?
7
What is the thousands digit of 532186232?
6
What is the units digit of 4881521595?
5
What is the ten millions digit of 7464760067?
6
What is the units digit of 4273176734?
4
What is the hundred thousands digit of 152391496?
3
What is the millions digit of 35712304?
5
What is the hundred millions digit of 206165197?
2
What is the hundred thousands digit of 7300332482?
3
What is the hundred thousands digit of 2740543425?
5
What is the hundred millions digit of 573924775?
5
What is the tens digit of 245277691?
9
What is the ten thousands digit of 3976816797?
1
What is the millions digit of 55413148?
5
What is the thousands digit of 91912579?
2
What is the tens digit of 21742839?
3
What is the ten thousands digit of 33245871?
4
What is the tens digit of 1064580558?
5
What is the units digit of 1238220892?
2
What is the ten thousands digit of 89618539?
1
What is the ten